34713 a prime number?
True
Is 26184769 a prime number?
False
Is 27799319 a composite number?
True
Is 60397367 a composite number?
False
Is 72358933 prime?
True
Is 55744531 prime?
True
Is 2445037 prime?
False
Is 11701621 a prime number?
False
Is 207537619 a prime number?
True
Is 16283951 composite?
False
Is 4810459003 composite?
True
Is 125195606 prime?
False
Is 237038237 a prime number?
True
Is 301566011 composite?
True
Is 4486919 a prime number?
True
Is 640411 composite?
False
Is 28002347 prime?
True
Is 8699039 a composite number?
False
Is 337431821 a prime number?
False
Is 4141498 a prime number?
False
Is 93942757 a composite number?
False
Is 1426709 a composite number?
True
Is 55382417 prime?
True
Is 2359157 a prime number?
False
Is 227789 prime?
True
Is 2361779 composite?
True
Is 1714757 a composite number?
True
Is 10836443 composite?
False
Is 55783357 a composite number?
True
Is 8824133 a prime number?
True
Is 464368193 composite?
False
Is 89942 a composite number?
True
Is 77651501 prime?
True
Is 18349 a composite number?
True
Is 524053909 a composite number?
False
Is 686237 prime?
False
Is 3595931 composite?
True
Is 345473 composite?
False
Is 331972379 a composite number?
True
Is 1662907 composite?
True
Is 4917662 composite?
True
Is 2340551 a prime number?
True
Is 13229699 prime?
False
Is 111226781 a composite number?
True
Is 28265879 a prime number?
True
Is 422837 a composite number?
True
Is 624509261 a prime number?
True
Is 228569423 a composite number?
True
Is 648433 composite?
False
Is 2552558 a composite number?
True
Is 111302011 composite?
False
Is 5781311 composite?
False
Is 910631 composite?
False
Is 119573 a prime number?
False
Is 145700593 a composite number?
True
Is 91477207 composite?
True
Is 484257335 a prime number?
False
Is 2611955 prime?
False
Is 68356133 composite?
True
Is 27331627 a composite number?
False
Is 31957477 a prime number?
True
Is 260359 prime?
False
Is 83886841 composite?
False
Is 2944807 a prime number?
True
Is 45260731 prime?
False
Is 5906077 a composite number?
True
Is 625398713 prime?
False
Is 23642819 a prime number?
False
Is 885266 composite?
True
Is 140385853 a composite number?
True
Is 1268261 composite?
False
Is 41400239 a composite number?
True
Is 311737 prime?
True
Is 2358381621 composite?
True
Is 52707505 composite?
True
Is 3163873 a composite number?
True
Is 113656145 a composite number?
True
Is 21090227 composite?
False
Is 2057101 a composite number?
True
Is 1801091 a composite number?
False
Is 61879859 a prime number?
True
Is 98613623 a prime number?
True
Is 139472929 a prime number?
True
Is 21018073 prime?
True
Is 4269877 prime?
True
Is 154778699 composite?
True
Is 113366971 prime?
False
Is 8437783 prime?
True
Is 5128183 a composite number?
True
Is 7815887 a composite number?
False
Is 103437743 a composite number?
False
Is 5026283 composite?
True
Is 1546639 composite?
False
Is 29313299 a composite number?
False
Is 872701 composite?
True
Is 9084727 a composite number?
False
Is 62226433 a prime number?
True
Is 43616003 prime?
True
Is 12131057 composite?
False
Is 951478787 composite?
True
Is 21225943 composite?
False
Is 556319287 a prime number?
True
Is 1757719 composite?
True
Is 6054263 prime?
True
Is 2400677 prime?
False
Is 6619255 prime?
False
Is 176246729 prime?
True
Is 916012387 a prime number?
True
Is 1421989619 composite?
False
Is 2056277 a prime number?
True
Is 596117 composite?
False
Is 33640531 prime?
False
Is 101507831 a prime number?
True
Is 85290709 prime?
False
Is 252907 prime?
False
Is 404346269 a composite number?
False
Is 3791273 a prime number?
True
Is 5131717 a composite number?
True
Is 30689179 composite?
True
Is 948503 composite?
True
Is 24605023 a composite number?
False
Is 5252997 a prime number?
False
Is 9982373 a composite number?
False
Is 8025701 a prime number?
True
Is 971097 a prime number?
False
Is 69203929 composite?
False
Is 43933613 a composite number?
True
Is 661603 a composite number?
False
Is 41867299 prime?
True
Is 1288541 composite?
False
Is 516821 a prime number?
True
Is 413009 a prime number?
True
Is 49062241 prime?
True
Is 166237 composite?
False
Is 306239 composite?
False
Is 120473 a prime number?
True
Is 7285427 a composite number?
False
Is 15039257 composite?
False
Is 1718719 composite?
False
Is 372149 a prime number?
True
Is 43183969 a composite number?
True
Is 2567303 a prime number?
True
Is 13699639 a prime number?
True
Is 48970319 prime?
False
Is 1070297 composite?
True
Is 120292373 composite?
True
Is 14540131 a prime number?
False
Is 78607435 a prime number?
False
Is 5023541 a prime number?
False
Is 57055261 a prime number?
True
Is 26339347 composite?
True
Is 16982905 composite?
True
Is 9186839 prime?
False
Is 102299014 composite?
True
Is 151905758 a prime number?
False
Is 90683511 prime?
False
Is 3151069435 prime?
False
Is 4956697 a prime number?
False
Is 4137211 a composite number?
True
Is 151326689 composite?
False
Is 10990427 a composite number?
True
Is 60057287 composite?
True
Is 18913729 composite?
True
Is 8729239 a composite number?
False
Is 857221 a prime number?
True
Is 46829557 a prime number?
True
Is 111431561 a composite number?
True
Is 5645047 a prime number?
True
Is 582989 a prime number?
False
Is 121909327 prime?
True
Is 189955393 a composite number?
False
Is 6659105 prime?
False
Is 36163303 composite?
True
Is 88447235 a composite number?
True
Is 11001607 a composite number?
False
Is 12904427 prime?
False
Is 72755077 a composite number?
False
Is 11886737 composite?
True
Is 10306783 a composite number?
True
Is 8694143 a prime number?
False
Is 251978567 composite?
False
Is 2151839 a composite number?
True
Is 1658561 prime?
True
Is 1218718 a prime number?
False
Is 2866944701 a prime number?
True
Is 31847 composite?
False
Is 23232395 a composite number?
True
Is 154601 a prime number?
False
Is 49620787 a composite number?
False
Is 5890933 prime?
False
Is 2765057 a composite number?
True
Is 574109 a composite number?
False
Is 7995997 a prime number?
False
Is 20738031 prime?
False
Is 405646 a prime number?
False
Is 1279727 a composite number?
False
Is 1015871 composite?
False
Is 6190571 a prime number?
True
Is 15869453 prime?
False
Is 1609457 prime?
True
Is 1449556495 a composite number?
True
Is 10259321 a prime number?
True
Is 54827221 a prime number?
True
Is 844862 prime?
False
Is 26467447 prime?
True
Is 13051379 prime?
False
Is 34036049 a composite number?
True
Is 7104209 a prime number?
False
Is 3100807 composite?
False
Is 197948851 prime?
True
Is 552078743 a composite number?
False
Is 86777323 prime?
True
Is 26914187 prime?
True
Is 5272297 composite?
True
Is 789574 composite?
True
Is 12084902 a composite number?
True
Is 1176895049 composite?
True
Is 3461551 prime?
True
Is 9512123 prime?
False
Is 396971 a prime number?
True
Is 15954947 a prime number?
True
Is 132956885 composite?
True
Is 26808631 a prime number?
False
Is 23689321 a composite number?
False
Is 41287882 a prime number?
False
Is 1276691 a prime number?
False
Is 990617 prime?
False
Is 53416409 a prime number?
True
Is 5164106 a composite number?
True
Is 1838009 composite?
True
Is 87396601 a composite number?
False
Is 17348943 a composite number?
True
Is 4397179 composite?
True
Is 15386803 composite?
False
Is 10628427 composite?
True
Is 1818977 a prime number?
True
Is 10555817 a composite number?
False
Is 17090521 composite?
True
Is 2634649 a composite number?
False
Is 2157221 a prime number?
False
Is 11175119 composite?
False
Is 6754667 a prime number?
True
Is 236265191 prime?
False
Is 166481827 a composite number?
False
Is 149689 a composite number?
False
Is 232357997 a composite number?
False
Is 79443109 composite?
True
Is 150807491 a prime number?
True
Is 396142819 prime?
False
Is 65628181 composite?
False
Is 9702149 prime?
True
Is 7974287 a composite number?
False
Is 115709303 composite?
False
Is 561860209 prime?
True
Is 540767761 composite?
True
Is 125777518 a prime number?
False
Is 120181805 prime?
False
Is 466413161 a composite number?
False
Is 78924127 a prime number?
False
Is 219471047 composite?
False
Is 456329 a composite number?
False
Is 1475147 composite?
False
Is 110879927 prime?
False
Is 12636681 prime?
False
Is 8572829 a composite number?
False
Is 1163928